= 7*l + 413. Give b(-49).
70
Let d(y) = y**2 - 163*y + 949. Calculate d(6).
7
Let t(m) = -m**2 - 51*m - 713. Determine t(-31).
-93
Let k(r) = -65*r + 566. Determine k(8).
46
Let f(w) = -w**2 + 72*w + 83. What is f(73)?
10
Let v(x) = 333*x - 1324. Give v(4).
8
Let w(k) = -2*k**3 + 133*k**2 + 67*k - 5. Determine w(67).
-5
Let d(w) = 94*w - 1201. Calculate d(13).
21
Let s(c) = -129*c - 557. Calculate s(-5).
88
Let v(w) = -1455*w - 39313. Give v(-27).
-28
Let z(q) = -q**2 + 27*q + 323. What is z(-11)?
-95
Let c(g) = 21659*g + 129958. Calculate c(-6).
4
Let a(y) = -57*y**2 - 6*y - 7. Determine a(-1).
-58
Let q(w) = w**3 - 12*w**2 - 42*w - 43. Give q(13).
-420
Let i(p) = p**2 - 9*p - 682. Determine i(-22).
0
Let g(h) = h**2 + 8*h - 130. Calculate g(-16).
-2
Let a(x) = x**2 - 22*x + 143. Calculate a(13).
26
Let c(j) = 4*j**2 + 86*j + 426. Calculate c(-13).
-16
Let r(k) = -61*k**2 - 970*k - 36. Calculate r(-16).
-132
Let d(q) = -q**2 - 2342*q - 9351. What is d(-4)?
1
Let a(c) = 10*c**3 - 4*c**2 + 2*c - 4. Determine a(3).
236
Let h(p) = p**3 + 76*p**2 + 1220*p + 44. Give h(-23).
21
Let l(f) = -412*f - 13597. What is l(-33)?
-1
Let n(i) = -4525*i + 4533. Give n(1).
8
Let y(r) = 87*r - 326. Calculate y(9).
457
Let r(m) = m**3 - 22*m**2 - 273*m + 41. What is r(31)?
227
Let y(k) = -13*k**2 - 12*k - 27. Give y(-3).
-108
Let b(p) = -p**3 - 7*p**2 + 18*p + 25. Determine b(-8).
-55
Let u(b) = 8*b + 128. Give u(15).
248
Let a(n) = -4*n**2 - 185*n + 365. Calculate a(-48).
29
Let l(o) = -8*o**2 + 628*o + 86. What is l(78)?
398
Let o(u) = 92*u - 6902. Calculate o(75).
-2
Let m(o) = 48*o - 1318. What is m(28)?
26
Let l(v) = 4*v**2 - 8*v - 16. Calculate l(5).
44
Let g(u) = 267*u - 17092. Determine g(64).
-4
Let a(s) = -528*s + 12668. Calculate a(24).
-4
Let h(y) = y**3 - 9*y**2 - 29*y + 269. Calculate h(8).
-27
Let f(w) = w**3 - 38*w**2 + 71*w - 21. Calculate f(36).
-57
Let a(s) = 4*s**2 + 28*s + 110. Give a(-5).
70
Let v(y) = 89*y + 197. Calculate v(-2).
19
Let p(f) = f**2 - 2*f - 42. Give p(-6).
6
Let d(v) = 2*v**2 - 51*v - 299. Determine d(26).
-273
Let x(k) = -4*k**3 - 5*k**2 + 8. Calculate x(-2).
20
Let h(d) = 17*d + 23. Determine h(7).
142
Let y(t) = -13*t**2 + 80*t + 46. Calculate y(7).
-31
Let x(b) = 1614*b - 12910. What is x(8)?
2
Let j(c) = -2*c**3 - 99*c**2 - 482*c + 42. Calculate j(-44).
-46
Let x(f) = -f**3 + 214*f**2 - 248*f + 7462. Give x(213).
7
Let f(d) = -d**2 + 35*d - 267. Determine f(14).
27
Let t(q) = -q**2 - 83*q - 1097. Determine t(-67).
-25
Let y(x) = x**3 + 5*x**2 - 19*x + 9. Calculate y(-6).
87
Let x(t) = -5*t**2 - 169*t + 402. Give x(-36).
6
Let l(u) = u**3 + 10*u**2 - 3*u - 61. Determine l(-11).
-149
Let n(i) = -2*i**2 + 32*i + 173. Give n(22).
-91
Let j(v) = 11*v + 645. Give j(-46).
139
Let t(l) = l**3 + 7*l**2 - 49*l - 331. What is t(-7)?
12
Let l(h) = -2*h**3 + 21*h**2 - 30*h - 42. Give l(9).
-69
Let t(v) = 386*v - 341. Calculate t(1).
45
Let s(p) = 77*p - 127. Determine s(2).
27
Let o(v) = -252*v**2 + 25956*v + 2. Calculate o(103).
2
Let q(u) = -u**3 + 15*u**2 + 10*u - 16. Calculate q(15).
134
Let t(m) = -2*m**2 - 158*m + 133. What is t(-80)?
-27
Let d(l) = 8*l**2 + 104*l + 237. Give d(-10).
-3
Let t(f) = 356*f + 2858. Determine t(-8).
10
Let p(y) = -2*y**3 + 53*y**2 + 23*y + 94. Determine p(27).
-14
Let b(l) = -l**3 + 10*l**2 - 3*l - 8. What is b(10)?
-38
Let c(b) = -14*b**2 - 146*b + 337. What is c(2)?
-11
Let s(n) = n**2 + 24*n - 162. Give s(5).
-17
Let k(d) = d**3 + 116*d**2 - 2*d - 7. Calculate k(0).
-7
Let u(c) = -6*c**2 - 261*c - 111. What is u(-43)?
18
Let y(h) = h**2 - 37*h - 140. Give y(44).
168
Let w(k) = -2*k**2 - 267*k - 4350. Calculate w(-19).
1
Let r(p) = p**3 + 57*p**2 + 564*p - 355. Determine r(-44).
-3
Let p(k) = -9*k**2 - 20*k - 20. Calculate p(-1).
-9
Let b(a) = 2*a**2 - 71*a + 351. Calculate b(6).
-3
Let t(w) = 10*w + 22. Calculate t(-18).
-158
Let w(l) = -2*l**3 - 6*l**2 - 22*l + 141. Calculate w(3).
-33
Let b(n) = 4*n**3 - 24*n**2 + 11*n - 165. Calculate b(6).
-99
Let x(v) = v**3 + 35*v**2 + 14*v - 711. What is x(-34)?
-31
Let g(o) = -259*o**3 + o**2 + 2*o + 1. Give g(-1).
259
Let q(o) = -o**3 - 23*o**2 + 68*o - 2020. What is q(-28)?
-4
Let b(r) = -38*r**2 + 12*r - 12. What is b(1)?
-38
Let j(p) = p**3 + 17*p**2 + 65*p + 328. Determine j(-14).
6
Let z(w) = -222*w - 2653. What is z(-12)?
11
Let f(u) = -155*u - 4335. Determine f(-28).
5
Let h(x) = x**3 + 10*x**2 + 3*x + 316. Calculate h(-12).
-8
Let h(o) = 2464*o + 12323. What is h(-5)?
3
Let j(i) = 4*i**3 - 135*i**2 + 105*i - 186. Determine j(33).
12
Let l(m) = 3*m**2 + 103*m - 102. What is l(-29)?
-566
Let u(h) = 38*h - 1652. Determine u(44).
20
Let v(w) = w**2 + 46*w + 88. What is v(-43)?
-41
Let u(h) = -79*h**2 + 4110*h - 103. Give u(52).
1
Let d(k) = 8*k**2 - 313*k - 341. Determine d(40).
-61
Let c(m) = -m**3 - 11*m**2 + 9*m - 63. Give c(-14).
399
Let g(b) = -3*b**3 - 214*b**2 - 71*b + 119. Determine g(-71).
119
Let v(z) = z**3 - 6*z**2 + 5*z + 36. What is v(5)?
36
Let x(k) = -3*k**3 - 548*k**2 - 363*k + 170. Give x(-182).
-12
Let u(j) = 149*j - 69. Determine u(1).
80
Let k(v) = -v**3 + 27*v**2 - 31*v - 144. Calculate k(26).
-274
Let r(o) = -2*o**3 + 196*o**2 + 398*o + 243. What is r(100)?
43
Let j(d) = 2*d**3 + 67*d**2 + 12*d + 1511. Give j(-34).
-53
Let v(w) = -2*w**2 + 251*w - 4013. Determine v(18).
-143
Let c(g) = -22*g**2 - 99*g - 27. What is c(-5)?
-82
Let k(u) = 89*u - 964. Determine k(5).
-519
Let y(h) = 6*h - 194. Calculate y(49).
100
Let b(z) = 177*z**2 - 529*z - 1. What is b(3)?
5
Let z(s) = s**3 - 6*s**2 - 4*s. Determine z(8).
96
Let x(k) = k**2 + 19*k + 105. What is x(-15)?
45
Let r(l) = l**3 - 3*l**2 + 534*l - 1599. Calculate r(3).
3
Let o(k) = 25*k**3 + 53*k**2 + 5*k + 1. Determine o(-2).
3
Let b(d) = -187*d - 4061. Give b(-22).
53
Let z(y) = y**3 - 16*y**2 - 65*y + 152. What is z(19)?
0
Let o(r) = -r**2 + 4*r + 14. Give o(7).
-7
Let i(z) = 3*z**2 + 13*z - 77. What is i(3)?
-11
Let h(u) = -u**2 - 77*u + 405. Give h(5).
-5
Let a(h) = 112*h - 7055. What is a(63)?
1
Let b(m) = 8*m**2 - 7*m - 27. Give b(-6).
303
Let u(p) = p + 37. Calculate u(14).
51
Let a(l) = -54*l + 2267. Calculate a(42).
-1
Let a(i) = 5*i**2 - 133*i - 64. Give a(27).
-10
Let k(p) = 5*p**3 + 60*p**2 + 6*p + 18. What is k(-12)?
-54
Let w(s) = -s**3 + 5*s**2 - 5*s + 14. Give w(5).
-11
Let k(t) = t - 15. Give k(44).
29
Let l(j) = -119*j + 734. Give l(6).
20
Let t(u) = -2*u**2 + 15*u - 12. Calculate t(8).
-20
Let i(f) = f**3 - 9*f**2 - 17*f - 82. Calculate i(11).
-27
Let k(f) = -14*f**2 + 97*f + 22. Give k(7).
15
Let i(y) = y**2 + 22*y + 98. What is i(-8)?
-14
Let y(i) = -i**3 + 6*i**2 - 6*i + 11. Calculate y(4).
19
Let b(n) = 31*n - 109. What is b(10)?
201
Let g(h) = -h**2 - 49*h + 57. Calculate g(-42).
351
Let r(n) = -n**2 - 41*n + 3484. Give r(42).
-2
Let o(t) = -180*t - 7019. Determine o(-39).
1
Let a(r) = -3*r**2 + 52*r - 14. Determine a(17).
3
Let b(t) = -t**2 + 2*t + 673. Determine b(25).
98
Let a(n) = 15*n - 156. Give a(14).
54
Let c(a) = 39*a + 1865. What is c(-50)?
-85
Let y(b) = 6*b - 133. Determine y(-21).
-259
Let f(p) = 253*p - 1253. What is f(5)?
12
Let r(j) = -260*j**2 - 267*j + 2. Give r(-1).
9
Let j(k) = -k**3 + 88*k**2 + 133*k + 4234. Determine j(90).
4
Let i(h) = -5*h**2 - 68*h - 352. What is i(-5)?
-137
Let r(x) = -2*x**2 - 14*x + 39. Give r(-9).
3
Let q(o) = -o**3 - 12*o**2 + 47*o + 257. What is q(-14)?
-9
Let a(m) = -3*m**3 - 30*m**2 - 10*m - 95. Give a(-10).
5
Let s(p) = -318*p - 8581. What is s(-27)?
5
Let a(g) = -g**2 + 19*g + 370. Give a(30).
40
Let d(r) = r**3 + 95*r**2 - 4*r - 403. Give d(-95).
-23
Let i(c) = c**3 - 62*c**2 - 294*c + 58. What is i(-5)?
-147
Let l(v) = -v**2 + 153*v + 27459. Determine l(-106).
5
Let l(i) = -7*i**2 - 2*i + 17. Determine l(-5).
-148
Let r(z) = z**2 + 8*z - 79. Determine r(-11).
-46
Let a(p) = p**3 + 33*p**2 + 148*p - 1883. Give a(-23).
3
Let v(z) = 6*z**2 + 61*z - 100. Give v(-15).
335
Let i(w) = 169*w**2 - 183*w + 11. Determine i(1).
-3
Let u(q) = q**2 + 7*q - 19. Calculate u(-11).
25
Let q(x) = 6*x**2 + 37*x - 4. Calculate q(6).
434
Let s(k) = 2*k**3 - 59*k**2 - 335*k + 55. What is s(-5)?
5
Let u(r) = r**3 - 6*r**2 - 16. What is u(0)?
-16
Let n(z) = -377*z - 1149. Give n(-3).
-18
Let j(k) = 10*k**2 + 310*k + 262. Cal